s -13102023 + 12?
-13102011
In base 5, what is -1202 - -21420312?
21414110
In base 13, what is 1 + -274570b?
-274570a
In base 11, what is 145a + 20695?
22044
In base 15, what is -1d + 37066e?
370651
In base 4, what is -1020100131 + -2111?
-1020102302
In base 8, what is 25106573 - 4?
25106567
In base 3, what is -1111112210 + -110201210?
-1222021120
In base 4, what is 333213 - 22312313?
-21313100
In base 11, what is 184403 - -26?
184429
In base 2, what is -111 - 1110001000000001010?
-1110001000000010001
In base 7, what is 3452134 + 0?
3452134
In base 5, what is -1123 - -1440441?
1434313
In base 14, what is -10709507 - 0?
-10709507
In base 6, what is 1044351 + -12100?
1032251
In base 2, what is -1100100010001110001101 - 1001?
-1100100010001110010110
In base 13, what is -18 + 28500c?
284cc4
In base 15, what is -5 + -6e0aa89?
-6e0aa8e
In base 16, what is -935 - 4328a?
-43bbf
In base 13, what is -9 + -44b1ca?
-44b206
In base 7, what is -1425400046 + 4?
-1425400042
In base 7, what is -124200541 + 120?
-124200421
In base 3, what is -20012000121 - -2110?
-20011221011
In base 16, what is -bd62 - -9a?
-bcc8
In base 16, what is 105ad - 2626?
df87
In base 2, what is -111110101001001 + -101?
-111110101001110
In base 4, what is 1121113001 - -1020?
1121120021
In base 9, what is -517554 + -83?
-517647
In base 2, what is -111 - -11110000000000010?
11101111111111011
In base 7, what is 3 + -6035601?
-6035565
In base 2, what is -10 + 10011101011001010001010?
10011101011001010001000
In base 2, what is 111001101010110111 - 10111101?
111001100111111010
In base 6, what is 103012 - 154104?
-51052
In base 5, what is -44014342 - 4200?
-44024042
In base 9, what is -133810130 - 1?
-133810131
In base 11, what is -131037 + -16a?
-1311a6
In base 6, what is 4 - -100552345?
100552353
In base 6, what is 53231 + 11423?
105054
In base 3, what is 11 + -10121111121002?
-10121111120221
In base 12, what is 82 + 102b58?
10301a
In base 11, what is -177 - -7337a?
73203
In base 16, what is -bc733f + -4?
-bc7343
In base 7, what is 1043 - -25540?
26613
In base 7, what is -32 - -36324203?
36324141
In base 8, what is -40455522 - 2?
-40455524
In base 4, what is 32322 + 212332?
311320
In base 7, what is -3 - -2322635?
2322632
In base 11, what is 53 + 280656?
2806a9
In base 7, what is 22312443 + -14?
22312426
In base 16, what is 9ae0 + 953?
a433
In base 7, what is 0 + 114611323?
114611323
In base 11, what is -512 + -604?
-1016
In base 2, what is -10010011 + 10001101110010011001?
10001101110000000110
In base 3, what is 11 - 102021102200120212?
-102021102200120201
In base 4, what is 1 - -10002030312101?
10002030312102
In base 2, what is -100011 + 11011010000011101110?
11011010000011001011
In base 6, what is -4054014 + 11132?
-4042442
In base 6, what is -1315 - 350403?
-352122
In base 11, what is -4 + 322a8146?
322a8142
In base 2, what is -10 + 100011011101101110001101?
100011011101101110001011
In base 13, what is -25902 - 49?
-2594b
In base 16, what is 2aa562 - -7?
2aa569
In base 2, what is -110000000100 - 101101?
-110000110001
In base 7, what is 66 - 40654136?
-40654040
In base 13, what is 460 + -b79?
-719
In base 11, what is 2a35 - 944?
20a1
In base 5, what is -212 + -104441433?
-104442200
In base 12, what is 118850 - -17?
118867
In base 7, what is 152003452 - -11?
152003463
In base 14, what is 8b3414 - 9?
8b3409
In base 13, what is -33 - 7a8c?
-7ac2
In base 16, what is -2fd38 - -5e?
-2fcda
In base 14, what is bb405 + 3?
bb408
In base 14, what is -9c5c04 + 12?
-9c5bd2
In base 12, what is -3130aaa50 - 1?
-3130aaa51
In base 15, what is 3 + bb2728?
bb272b
In base 13, what is -2 + -5793a2?
-5793a4
In base 11, what is -19934a64 - 4?
-19934a68
In base 12, what is -3 + -11817a6?
-11817a9
In base 7, what is 36 - 1036166?
-1036130
In base 2, what is -100010111 - -100000110100011?
100000010001100
In base 6, what is 3005 + -12533?
-5524
In base 4, what is 31311203 + 103202?
32021011
In base 8, what is -6660 + 26?
-6632
In base 10, what is -2 + -2874291?
-2874293
In base 11, what is 3 - 13605a973?
-13605a970
In base 6, what is 140513 + 332?
141245
In base 5, what is -23024 + 20120?
-2404
In base 15, what is -5 + 241e7e?
241e79
In base 11, what is -2 + -3477883?
-3477885
In base 9, what is -77 - 168010?
-168087
In base 15, what is -54ac2e + 4?
-54ac2a
In base 15, what is 34 + -2d31a?
-2d2d6
In base 14, what is a063a1c7 + -4?
a063a1c3
In base 3, what is -202101122121220 + -12?
-202101122122002
In base 6, what is -122330003 - 222?
-122330225
In base 16, what is -23c4 - 4d4?
-2898
In base 4, what is 3101 + -1103122200?
-1103113033
In base 14, what is -2086 - 25c?
-2304
In base 3, what is 10 + -11011222120121010?
-11011222120121000
In base 7, what is -5 + 343320235?
343320230
In base 12, what is -8 - -551488?
551480
In base 7, what is 20351316 + 0?
20351316
In base 6, what is 10 + 344010332?
344010342
In base 11, what is 11057 - -aa?
11156
In base 8, what is 6 + -464333431?
-464333423
In base 3, what is -10 - -12212022002102?
12212022002022
In base 15, what is 148343 - -5?
148348
In base 6, what is 1 - -30243511450?
30243511451
In base 12, what is 186820970 + 2?
186820972
In base 10, what is -235486 + -13?
-235499
In base 16, what is 21e25da - -d?
21e25e7
In base 12, what is 27b93 - 70?
27b23
In base 10, what is 19 + -2614660?
-2614641
In base 14, what is -7a17c + -201?
-7a37d
In base 6, what is -251225 - -42025?
-205200
In base 3, what is 2111210 - 102210221?
-100022011
In base 5, what is -1300 - 133103122?
-133104422
In base 13, what is 1acc + 1c86?
3a85
In base 15, what is -3 + -116308?
-11630b
In base 14, what is -4d892 + cc?
-4d7a4
In base 2, what is -110010011010001000 + -1000100000?
-110010100010101000
In base 5, what is -411010031 - 23?
-411010104
In base 10, what is 796 + -839?
-43
In base 3, what is 111222100102111 - -1?
111222100102112
In base 2, what is 1001 + 1101111010100001011?
1101111010100010100
In base 6, what is -33520 + -1051151?
-1125111
In base 13, what is 285 + 5a00?
5c85
In base 5, what is -114420314 + -1201?
-114422020
In base 14, what is -1 + -200d29?
-200d2a
In base 12, what is 2651 - a6?
2567
In base 16, what is -1 - -12514cc?
12514cb
In base 7, what is 261360135 - 3?
261360132
In base 12, what is 21 - 4425255?
-4425234
In base 15, what is -1ab - -64a3?
62e7
In base 12, what is 218a94 + -3?
218a91
In base 16, what is -acfcfd + -16?
-acfd13
In base 14, what is 1 - 10cb50b?
-10cb50a
In base 10, what is 63163888 + 2?
63163890
In base 12, what is 94739 + -2b?
9470a
In base 11, what is 12 + 6a5048?
6a505a
In base 7, what is 4126314060 + 5?
4126314065
In base 8, what is 7023025 - 212?
7022613
In base 2, what is -1010000110001010000 + 10111?
-1010000110000111001
In base 8, what is 35 + -6110110?
-6110053
In base 6, what is -15 + 15434544?
15434525
In base 2, what is -1101 + 11100111000100001010?
11100111000011111101
In base 7, what is 2 - -11101535?
11101540
In base 16, what is a19f0d + 34?
a19f41
In base 5, what is 23 - 303221043?
-303221020
In base 11, what is -5 + -168a6731?
-168a6736
In base 13, what is -1 - 107ba93?
-107ba94
In base 4, what is -1 - 21211030220?
-21211030221
In base 12, what is -3a28a1956 + -5?
-3a28a195b
In base 2, what is 1100011100100111010 + -1101011?
1100011100011001111
In base 3, what is -122212222220110 - 11?
-122212222220121
In base 8, what is -14256 + -14556?
-31034
In base 6, what is -10051 - -442?
-5205
In base 6, what is 15542 - 1523442?
-1503500
In base 7, what is -5 - -354050225?
354050220
In base 13, what is -1a0b - -286?
-1755
In base 12, what is 3a2168 - -11?
3a2179
In base 5, what is 21244444 - 101?
21244343
In base 4, what is 2233112120303 - 10?
2233112120233
In base 2, what is -101100100011000011110011 - 11?
-101100100011000011110110
In base 2, what is 1010 + 110000000010011111000?
110000000010100000010
In base 9, what is -128 + -373633?
-373762
In base 11, what is 16006 - -198?
161a3
In base 4, what is 123112013310 - 1?
123112013303
In base 6, what is 132305 - 5430?
122435
In base 10, what is -665 - -37636?
36971
In base 4, what is -3031 - 102221330002?
-102221333033
In base 15, what is 14 - 70abc8?
-70abb4
In base 9, what is -738 + 3105410?
3104561
In base 6, what is -112024 - -34550?
-33034
In base 12, what is 61336 + 144?
6147a
In base 11, wh